st the prime factors of n.
3
Suppose 3*f + 20 = -f. Let z(p) = -2*p + 1. Let y be z(f). Suppose -4 = -2*b - 0, 2*b = -t + y. List the prime factors of t.
7
Suppose g - 41 = q, 4*q = 3*g + 2*q - 124. What are the prime factors of g?
2, 3, 7
Let r(b) = -b**3 - b**2 - b + 7. Suppose p = -4*p. List the prime factors of r(p).
7
Suppose 3*p + 15 = 0, -4*o - 3*p = 4 + 11. Suppose 0 = -4*w + 4 - o. List the prime factors of 60/(-5)*w/(-2).
2, 3
Suppose 0 = 2*k + 5*z + 62, -3*k = 2*k - 5*z + 225. Let q = -17 - k. What are the prime factors of q?
2, 3
Let l = -20 - -76. List the prime factors of l.
2, 7
Let d(h) = h**2 - 15 - 11*h**3 + h + 15. List the prime factors of d(-1).
11
Let m(n) be the second derivative of 5*n**3/3 - 4*n. What are the prime factors of m(1)?
2, 5
Suppose 3*z + 2 = -0*v - v, 26 = -3*v - 4*z. Suppose 0*g + 5*g - 5 = 0. Let n = g - v. What are the prime factors of n?
3, 5
Suppose 0 = -5*f - 3*i + 22, 0 = 3*f - 0*f - 2*i - 17. Suppose -32 = -5*t - r, f*t + r - 4*r = 44. Suppose -4*w = -t*w + 21. List the prime factors of w.
7
Let f be (219/12)/(-1)*4. Let k = f - -51. List the prime factors of k/(-4) - (-1)/2.
2, 3
Suppose -5*o = -4*o + 122. What are the prime factors of o/(-18) + (-8)/(-36)?
7
Suppose 9 = 3*h - 0. Let p = -8 - -32. Suppose -3*m = h*l - 9 - p, 15 = 5*m. What are the prime factors of l?
2
Let g = -42 + 125. List the prime factors of g.
83
Suppose 0 = 4*g - 98 - 14. List the prime factors of g.
2, 7
Suppose 2*c + 3 = -15. Suppose 0 = -4*a - 0*a - 16. Let i = a - c. What are the prime factors of i?
5
Suppose -3*s = -7 - 2, m = 5*s + 47. What are the prime factors of m?
2, 31
Suppose 7*i - 6*i = 47. List the prime factors of i.
47
Suppose q = -4*q + 145. List the prime factors of q.
29
Let t = 9 - 18. Let x = t - -16. What are the prime factors of x?
7
Let a be (-14)/(-21) + (-8)/(-6). Suppose 0 = -p - a*o - 8 + 28, 4*o = -4*p + 96. List the prime factors of p.
2, 7
Suppose 0 = 3*o - 75 - 75. List the prime factors of o.
2, 5
Let f be (-1 - -1) + (5 - 2). Suppose -u = f*u - 40. What are the prime factors of u?
2, 5
Suppose 0 = 3*w - 5*x - 985, -2*w - 2*x + 7*x + 650 = 0. What are the prime factors of w?
5, 67
Let k(t) = 3*t**2 - 3*t**2 - 8 + 0*t**2 + 2*t**2 - 12*t. What are the prime factors of k(9)?
2, 23
Let s(l) = l**3 + l + 2. Suppose 10 = 2*h - 10. Suppose -b = 2, -4*n = -n - 5*b - h. List the prime factors of s(n).
2
Suppose 0 = -n + 2*n + 8. Let u(q) = -q**3 - 7*q**2 + 6*q + 7. What are the prime factors of u(n)?
23
Suppose 0 = 9*j - 6*j - 78. What are the prime factors of j?
2, 13
Let t(j) = j**2 + 3*j - 7. Let m be t(-6). Let z(n) = n. Let f(i) = i**3 - 10*i**2 - 6*i - 8. Let d(q) = f(q) - 3*z(q). List the prime factors of d(m).
2, 7
Let v(n) = -2*n - 3 + 1 + n + 5. Let s be v(6). What are the prime factors of 5*((-46)/(-10) + s)?
2
Let k = 67 + 12. What are the prime factors of k?
79
Suppose 5*a - 11 - 14 = 0. Let m(i) be the first derivative of -i**3/3 + 3*i**2 + 3*i + 3. What are the prime factors of m(a)?
2
Let m be ((-234)/12)/(6/(-8)). Suppose -98 = -4*q - m. What are the prime factors of q?
2, 3
Let j(z) = -2 - 5*z**2 + 3*z**2 + 0*z**2 + 0*z**2 + 3*z. Let d be j(4). What are the prime factors of 4/16 + d/(-8)?
3
Let a(d) = -7*d**3 + d**3 - d - 2*d**3 - d**2 + 7*d**3 + 12. Let m(u) = -u**2 - u. Let o be m(-1). What are the prime factors of a(o)?
2, 3
Let n = -4 + 8. Suppose n*r - 3*r - 12 = 0. What are the prime factors of r?
2, 3
Let a = -4 - 7. Let t = a - -17. List the prime factors of t.
2, 3
Let q(k) = -k + 3. What are the prime factors of q(-6)?
3
Suppose -h = 3*h + 4. What are the prime factors of (-15)/(-9)*h*-3?
5
Suppose -128 = -x - 3*x - 4*a, 0 = 3*a - 15. What are the prime factors of x?
3
Suppose -2*i - 8 = -k, 0*k = -2*k - 8. Let w = 4 + i. What are the prime factors of (-64)/(-36) - w/9?
2
Let z = 8 + -16. Let u = -6 - z. Suppose 0 = -x - u + 15. What are the prime factors of x?
13
Let r = 256 + -94. List the prime factors of r.
2, 3
Let r(t) = -28*t - 10. List the prime factors of r(-4).
2, 3, 17
Suppose -7*o = 3*h - 3*o - 238, 0 = -3*o - 6. What are the prime factors of h?
2, 41
List the prime factors of (4 - 0)*152/16.
2, 19
Let c be (-3)/((-9)/(-39)) - 1. Let v = c + 27. What are the prime factors of v?
13
Let a be (-8)/(-12) + (-23)/3. Let i(t) = t**3 + 6*t**2 - 8*t - 1. List the prime factors of i(a).
2, 3
Suppose t - 1 = -m, 2*m - 6*m - 2 = t. Let h(w) = w + 3. Let x be h(7). Suppose -t*u = -0*u - x. List the prime factors of u.
5
Suppose -48 + 26 = -2*v. List the prime factors of v.
11
Let x(z) = -z - 2. Let t be x(-7). Let r(w) = 3*w - 4. List the prime factors of r(t).
11
Let w(y) = 2*y. Let s be w(-2). Let x(z) = -z**2 + 8*z + 2. Let h be x(5). Let j = h + s. What are the prime factors of j?
13
Let p(r) be the third derivative of -r**4/6 - 3*r**3/2 - r**2. List the prime factors of p(-6).
3, 5
Let x be 2/3*-3 + 5. Let w = 9 + x. List the prime factors of w.
2, 3
Let c be 456/108 + (-4)/18. Let r(s) = s**3 - 2*s**2 + 3*s - 4. List the prime factors of r(c).
2, 5
Let c = -4 - -7. Suppose 0 = c*q - 8*q + 95. What are the prime factors of q?
19
Suppose -7*o = -6*o. Suppose o = -3*z - 2*z + 2*h + 45, -2*z + h = -17. Let q = -6 + z. List the prime factors of q.
5
Let z = -1 - -1. Suppose 2*u + d - 18 + 4 = 0, z = 3*u + d - 22. What are the prime factors of u?
2
Suppose -7*f = 2*f - 441. List the prime factors of f.
7
Suppose 29 = 5*l - 16. Let n(z) = z**3 - 8*z**2 - 8*z - 10. Let u be n(l). List the prime factors of (-5 - 0)*3/u.
3, 5
Let c = 22 - 4. List the prime factors of c.
2, 3
Suppose 4*x = -2 - 6. Let g = x + 6. Suppose -2*h = -3*t - 4, 2*t - 26 = -t - g*h. What are the prime factors of t?
2
Let a(d) = d**2 + 3*d + 1. Let y be 1 + 2 + 0/1. What are the prime factors of a(y)?
19
Suppose 5*k = -3*z + 337 + 83, z + 3*k = 144. List the prime factors of z.
3, 5
Let h be 6 - (3 + 0) - 0. Let x be (-2)/3 + (-28)/h. Let m = 8 - x. What are the prime factors of m?
2, 3
Let x = 13 + -3. Let q = x + -17. Let p = 25 + q. List the prime factors of p.
2, 3
Let u = 9 + -4. What are the prime factors of u?
5
Let u(l) = -3*l + 22. Let d be u(-10). Let w = -9 + d. What are the prime factors of w?
43
Suppose 0 = -3*j - 10 + 16. Suppose -89 = -j*z - 23. What are the prime factors of z?
3, 11
Let b(p) = p - 1. Let t(a) = 7*a - 13. Let u(y) = 6*b(y) - t(y). List the prime factors of u(-3).
2, 5
Suppose 0 = 5*b - 31 - 19. What are the prime factors of 16/10*b/4?
2
Suppose 3*u - 143 = -c + 4*u, -3*u = 9. What are the prime factors of c?
2, 5, 7
Let y(s) = -s**3 + 10*s**2 - 6*s - 1. What are the prime factors of y(9)?
2, 13
Suppose 3*f - 20 = -2*f. Suppose 9 = 5*p + 2*u + u, -p = f*u - 12. Suppose p = 4*v + v - 3*z - 43, -4*z + 5 = -v. List the prime factors of v.
11
Suppose 2*v - 3 = 9. List the prime factors of v.
2, 3
Suppose 5*y = 2*f - 626, -f = -4*f + 5*y + 934. What are the prime factors of f?
2, 7, 11
Let i(r) = 7*r**2 - 3*r - 4. List the prime factors of i(-2).
2, 3, 5
Suppose -6 - 124 = -u. What are the prime factors of u?
2, 5, 13
Let r(w) = w**3 + 5*w**2 - 8*w - 9. Let h be r(-6). Suppose -f - 2*m + 4 = -8, -h*m - 12 = 0. List the prime factors of f.
2, 5
Suppose -d + 155 = 2*p - p, 0 = d - 4*p - 160. What are the prime factors of d?
2, 3, 13
Let m be (-2)/(-6)*(12 + 0). Suppose -56 = -0*p - m*p. List the prime factors of p.
2, 7
Let r be -5*(-1)/((-10)/(-4)). Suppose 3*k - l + r*l - 97 = 0, -2*l - 112 = -3*k. Suppose 5*p - k = o - 2, -3 = -o. What are the prime factors of p?
7
Let c(j) = j**2 + 10*j - 3. Let q be (-3)/1*(-4 - -8). List the prime factors of c(q).
3, 7
Let n(u) = 13*u**2 - 94 + 3*u + 90 + u. What are the prime factors of n(2)?
2, 7
What are the prime factors of 152/5 + 6/(-15)?
2, 3, 5
Let s be 3/(3 + 17/(-6)). Let b be 4/s + (-68)/(-18). Suppose -b*j = -20, -v - 4*j + 31 = -0*j. What are the prime factors of v?
11
Let w = 47 - 22. Suppose -q + w = -4*o, -q - 4*o = -6*q + 109. What are the prime factors of q?
3, 7
Let r(n) = -n**3 - 7*n**2 - 8*n. What are the prime factors of r(-6)?
2, 3
Suppose 5*f = o + 3, o - 4*f - 1 = -3. Let r be (2/(-4))/(o/4). What are the prime factors of r*11*(2 - 3)?
11
Suppose 4*k - h = 128, 4*k - 8*h + 4*h - 116 = 0. What are the prime facto